{"id":1300,"date":"2022-11-25T13:12:06","date_gmt":"2022-11-25T13:12:06","guid":{"rendered":"http:\/\/kamnolomjagodic.si\/blog\/?page_id=1300"},"modified":"2022-12-15T11:27:58","modified_gmt":"2022-12-15T10:27:58","slug":"kamnolom-jagodic","status":"publish","type":"page","link":"https:\/\/kamnolomjagodic.si\/","title":{"rendered":"Kamnolom Jagodi\u010d"},"content":{"rendered":"<p>[vc_row][vc_column]\n\t\t\t<!-- START Slider 1 REVOLUTION SLIDER 6.5.5 --><p class=\"rs-p-wp-fix\"><\/p>\n\t\t\t<rs-module-wrap id=\"rev_slider_1_1_wrapper\" data-source=\"gallery\" style=\"visibility:hidden;background:transparent;padding:0;margin:0px auto;margin-top:0;margin-bottom:0;\">\n\t\t\t\t<rs-module id=\"rev_slider_1_1\" style=\"\" data-version=\"6.5.5\">\n\t\t\t\t\t<rs-slides>\n\t\t\t\t\t\t<rs-slide style=\"position: absolute;\" data-key=\"rs-1\" data-title=\"Slide\" data-in=\"o:0;\" data-out=\"a:false;\">\n\t\t\t\t\t\t\t<img src=\"\/\/kamnolomjagodic.si\/wp-content\/plugins\/revslider\/public\/assets\/assets\/dummy.png\" alt=\"Slide\" title=\"Kamnolom Jagodi\u010d\" class=\"rev-slidebg tp-rs-img rs-lazyload\" data-lazyload=\"\/\/kamnolomjagodic.si\/wp-content\/plugins\/revslider\/public\/assets\/assets\/transparent.png\" data-no-retina>\n<!--\n\t\t\t\t\t\t\t--><rs-layer\n\t\t\t\t\t\t\t\tid=\"slider-1-slide-1-layer-0\" \n\t\t\t\t\t\t\t\tdata-type=\"image\"\n\t\t\t\t\t\t\t\tdata-rsp_ch=\"on\"\n\t\t\t\t\t\t\t\tdata-xy=\"x:-299px;y:-73px;\"\n\t\t\t\t\t\t\t\tdata-text=\"w:normal;\"\n\t\t\t\t\t\t\t\tdata-dim=\"w:1920px;h:1200px;\"\n\t\t\t\t\t\t\t\tdata-frame_999=\"o:0;st:w;\"\n\t\t\t\t\t\t\t\tstyle=\"z-index:5;\"\n\t\t\t\t\t\t\t><img src=\"\/\/kamnolomjagodic.si\/wp-content\/plugins\/revslider\/public\/assets\/assets\/dummy.png\" class=\"tp-rs-img rs-lazyload\" width=\"1920\" height=\"1200\" data-lazyload=\"\/\/kamnolomjagodic.si\/wp-content\/uploads\/2022\/11\/1-2.png\" data-no-retina> \n\t\t\t\t\t\t\t<\/rs-layer><!--\n\n\t\t\t\t\t\t\t--><rs-layer\n\t\t\t\t\t\t\t\tid=\"slider-1-slide-1-layer-2\" \n\t\t\t\t\t\t\t\tdata-type=\"text\"\n\t\t\t\t\t\t\t\tdata-color=\"#fff\"\n\t\t\t\t\t\t\t\tdata-rsp_ch=\"on\"\n\t\t\t\t\t\t\t\tdata-xy=\"x:c;y:c;\"\n\t\t\t\t\t\t\t\tdata-text=\"w:normal;s:72;l:90;fw:900;\"\n\t\t\t\t\t\t\t\tdata-dim=\"minh:0;\"\n\t\t\t\t\t\t\t\tdata-padding=\"t:18;r:18;b:18;l:18;\"\n\t\t\t\t\t\t\t\tdata-frame_999=\"o:0;st:w;\"\n\t\t\t\t\t\t\t\tstyle=\"z-index:7;background-color:rgba(0,0,0,0.52);font-family:'Roboto';text-transform:uppercase;\"\n\t\t\t\t\t\t\t>Kamnolom jagodi\u010d \n\t\t\t\t\t\t\t<\/rs-layer><!--\n-->\t\t\t\t\t\t<\/rs-slide>\n\t\t\t\t\t<\/rs-slides>\n\t\t\t\t<\/rs-module>\n\t\t\t\t<script type=\"text\/javascript\">\n\t\t\t\t\tsetREVStartSize({c: 'rev_slider_1_1',rl:[1240,1024,778,480],el:[900],gw:[1240],gh:[900],type:'standard',justify:'',layout:'fullwidth',mh:\"0\"});if (window.RS_MODULES!==undefined && window.RS_MODULES.modules!==undefined && window.RS_MODULES.modules[\"revslider11\"]!==undefined) {window.RS_MODULES.modules[\"revslider11\"].once = false;window.revapi1 = undefined;window.RS_MODULES.checkMinimal()}\n\t\t\t\t<\/script>\n\t\t\t<\/rs-module-wrap>\n\t\t\t<!-- END REVOLUTION SLIDER -->\n[vc_empty_space height=&#8221;80px&#8221;][\/vc_column][\/vc_row][vc_row full_height=&#8221;yes&#8221; css=&#8221;.vc_custom_1449213766351{margin-bottom: 60px !important;background-image: url(https:\/\/kamnolomjagodic.si\/blog\/wp-content\/uploads\/2015\/11\/placeholder.gif) !important;background-position: center !important;background-repeat: no-repeat !important;background-size: cover !important;}&#8221; el_class=&#8221;vc_hidden-lg vc_hidden-md vc_hidden-sm&#8221;][vc_column offset=&#8221;vc_hidden-lg vc_hidden-md vc_hidden-sm&#8221; css=&#8221;.vc_custom_1449213666600{padding-top: 40px !important;padding-bottom: 40px !important;}&#8221;][vc_custom_heading text=&#8221;Unbeatable Trucking Service&#8221; font_container=&#8221;tag:h1|text_align:left|color:%23ffffff&#8221; use_theme_fonts=&#8221;yes&#8221; el_class=&#8221;white_stripe&#8221;][vc_column_text]<span style=\"color: #ffffff; font-size: 16px; line-height: 28px;\">Starting from loading to unloading and maintaining the highest standards in terms of safety while in transit, we take nothing to chance.<\/span>[\/vc_column_text][vc_btn title=&#8221;Learn More&#8221; style=&#8221;outline&#8221; shape=&#8221;round&#8221; color=&#8221;theme_style_3&#8243; i_align=&#8221;right&#8221; i_icon_fontawesome=&#8221;stm-arrow-next&#8221; add_icon=&#8221;true&#8221;][\/vc_column][\/vc_row][vc_row css=&#8221;.vc_custom_1450264294682{margin-bottom: 80px !important;}&#8221;][vc_column offset=&#8221;vc_col-lg-6 vc_col-md-6&#8243;][vc_column_text]<\/p>\n<h2><span style=\"font-weight: 300;\">DOBRODO\u0160LI NA NA\u0160I STRANI!<\/span><\/h2>\n<p>V kamnolomu Jagodi\u010d pridobivamo ve\u010d vrst dolomitnih kamnitih agregatov za uporabo v gradbeni\u0161tvu, pri visokih in nizkih gradnjah ter za betoniranje.<br \/>\nNudimo vam prevoze in vgrajevanje na\u0161ih materialov. Opravljamo pa tudi izkope z lahko in te\u017eko gradbeno mehanizacijo.[\/vc_column_text][\/vc_column][vc_column offset=&#8221;vc_col-lg-6 vc_col-md-6 vc_hidden-sm vc_hidden-xs&#8221;][vc_single_image image=&#8221;1367&#8243; img_size=&#8221;full&#8221;][\/vc_column][\/vc_row][vc_row full_width=&#8221;stretch_row&#8221; css=&#8221;.vc_custom_1450269319951{margin-bottom: 0px !important;padding-top: 80px !important;padding-bottom: 80px !important;}&#8221; el_class=&#8221;base_bg_color&#8221;][vc_column][vc_custom_heading text=&#8221;Vizija in poslanstvo&#8221; font_container=&#8221;tag:h2|text_align:left|color:%23ffffff&#8221; use_theme_fonts=&#8221;yes&#8221; css=&#8221;.vc_custom_1669383194083{margin-bottom: 38px !important;}&#8221;][vc_column_text]<span style=\"color: #ffffff;\">POSLANSTVO:<\/span><br \/>\n<span style=\"color: #ffffff;\">Varnostno opozorilo pred vstopom na obmo\u010dje kamnoloma Jagodi\u010d<\/span><br \/>\n<span style=\"color: #ffffff;\">Podjetje ANDREJ JAGODI\u010c S.P. je ponudnik prevoznih storitev in zemeljskih del, katera izvaja s kamenjem iz lastnega kamnoloma.<\/span><br \/>\n<span style=\"color: #ffffff;\">Podjetje razvija svojo lastno mre\u017eo odjemalcev, s katerimi \u0161iri podro\u010dje delovanja tudi na zemeljska dela, kot so izkopi in nasipi.<\/span><br \/>\n<span style=\"color: #ffffff;\">Med svojimi strankami smo prepoznavni po hitri in ugodni ponudbi, na\u0161e storitve in izdelke pa odlikujejo prvovrstna kakovost, zanesljivost in varnost. Dela opravljamo na najsodobnej\u0161ih strojih in opremi. Vlaganja v opremo in izobra\u017eevanje zaposlenih pa nam predstavlja odgovornost in misel na prihodnost.<\/span><\/p>\n<p><span style=\"color: #ffffff;\">Eno najosnovnej\u0161ih poslanstev podjetja Andrej Jagodi\u010d s.p. pa je zagotavljanje varnosti in prijetnega delovnega okolja za zaposlene.<\/span><\/p>\n<p>&nbsp;<\/p>\n<p><span style=\"color: #ffffff;\">VIZIJA:<\/span><br \/>\n<span style=\"color: #ffffff;\">Na\u0161e podjetje si v prihodnje predvsem \u017eeli zadovoljiti potrebe strank, s celovitimi in kakovostnimi re\u0161itvami konkurirati na podro\u010dju delovanja ter poskrbeti za varnost zaposlenih.<\/span><br \/>\n<span style=\"color: #ffffff;\">V prihodnosti \u017eelimo nadaljevati delovanje:<\/span><\/p>\n<p><span style=\"color: #ffffff;\">\u2022 s strankami ustvariti partnerski odnos s poudarkom na skupnem inovativnem re\u0161evanju izzivov,<\/span><br \/>\n<span style=\"color: #ffffff;\">\u2022 \u0161iritev na druge trge, ostati konkuren\u010dni na tem podro\u010dju, obdr\u017eati stopnjo kakovosti storitev in izdelkov,<\/span><br \/>\n<span style=\"color: #ffffff;\">\u2022 uveljaviti se, kot eno izmed kakovostnej\u0161ih podjetij na podro\u010dju pridelave kamna,<\/span><br \/>\n<span style=\"color: #ffffff;\">\u2022 razvijati potenciale vsakega posameznika v podjetju,<\/span><br \/>\n<span style=\"color: #ffffff;\">\u2022 pridobivati kamen na ekolo\u0161ki in okolju, v katerem delujemo, prijazen na\u010din,<\/span><br \/>\n<span style=\"color: #ffffff;\">\u2022 vlagati v opremo in izobra\u017eevanje.<\/span><\/p>\n<p><span style=\"color: #ffffff;\">Zavedamo se, da \u0161iritev in rast podjetja zahteva vlaganja in izobra\u017eevanja, vseskozi pa vzdr\u017eujemo skrb za okolje.<\/span>[\/vc_column_text][\/vc_column][\/vc_row][vc_row][vc_column][vc_empty_space height=&#8221;60px&#8221;][vc_gallery type=&#8221;image_grid&#8221; images=&#8221;1375,1374,1373,1372,1371,1370&#8243; img_size=&#8221;medium&#8221; title=&#8221;Galerija&#8221;][\/vc_column][\/vc_row][vc_row][vc_column][vc_empty_space height=&#8221;60px&#8221;][vc_custom_heading text=&#8221;Kje smo&#8221; font_container=&#8221;tag:h2|text_align:left|color:%230a0a0a&#8221; use_theme_fonts=&#8221;yes&#8221; css=&#8221;.vc_custom_1669383304655{margin-bottom: 38px !important;}&#8221;][vc_single_image image=&#8221;1307&#8243; img_size=&#8221;full&#8221;][vc_empty_space height=&#8221;60px&#8221;][\/vc_column][\/vc_row][vc_row][vc_column][vc_gmaps link=&#8221;#E-8_JTNDaWZyYW1lJTIwc3JjJTNEJTIyaHR0cHMlM0ElMkYlMkZ3d3cuZ29vZ2xlLmNvbSUyRm1hcHMlMkZlbWJlZCUzRnBiJTNEJTIxMW0xOCUyMTFtMTIlMjExbTMlMjExZDI2MTAuNDg4NDMzNDU3OTA4NyUyMTJkMTUuNTc1MDE0OTUwODkyODI5JTIxM2Q0Ni4yNzU4Njg2ODY4MzUyMSUyMTJtMyUyMTFmMCUyMTJmMCUyMTNmMCUyMTNtMiUyMTFpMTAyNCUyMTJpNzY4JTIxNGYxMy4xJTIxM20zJTIxMW0yJTIxMXMweDAlMjUzQTB4NWNhMDE5YTM3OGM4MGNmYSUyMTJ6TkRiQ3NERTJKek16TGpFaVRpQXhOY0t3TXpRbk16Z3VNQ0pGJTIxNWUxJTIxM20yJTIxMXNzbCUyMTJzc2klMjE0djE2Njk1Nzg4MzAzNjUlMjE1bTIlMjExc3NsJTIxMnNzaSUyMiUyMHdpZHRoJTNEJTIyNjAwJTIyJTIwaGVpZ2h0JTNEJTIyNDUwJTIyJTIwc3R5bGUlM0QlMjJib3JkZXIlM0EwJTNCJTIyJTIwYWxsb3dmdWxsc2NyZWVuJTNEJTIyJTIyJTIwbG9hZGluZyUzRCUyMmxhenklMjIlMjByZWZlcnJlcnBvbGljeSUzRCUyMm5vLXJlZmVycmVyLXdoZW4tZG93bmdyYWRlJTIyJTNFJTNDJTJGaWZyYW1lJTNF&#8221;][vc_column_text]<\/p>\n<h3>Kamnolom Jagodi\u010d<\/h3>\n<p>Podturn 3, 3241 Podplat<\/p>\n<p>+386 31 650 154<\/p>\n<p><strong>Delovni \u010das:<\/strong><\/p>\n<p>od ponedeljka do petka od 7:00 do 17:00<br \/>\nzaprto za malico 12:00 do 13: 00<br \/>\nsobota od 7:00 do 12:00<br \/>\nnedelje in prazniki zaprto[\/vc_column_text][vc_empty_space height=&#8221;60px&#8221;][\/vc_column][\/vc_row][vc_row][vc_column][vc_single_image image=&#8221;1321&#8243; img_size=&#8221;full&#8221; onclick=&#8221;custom_link&#8221; link=&#8221;http:\/\/www.pisrs.si\/Pis.web\/pregledPredpisa?id=PRAV13563&#8243;][vc_btn title=&#8221;PROGRAM RAZVOJA PODE\u017dELJA&#8221; link=&#8221;url:https%3A%2F%2Fkamnolomjagodic.si%2F%3Fpage_id%3D1323|title:Program%20razvoja%20pode%C5%BEelja&#8221;][\/vc_column][\/vc_row]<\/p>\n","protected":false},"excerpt":{"rendered":"<p>[vc_row][vc_column][vc_empty_space height=&#8221;80px&#8221;][\/vc_column][\/vc_row][vc_row full_height=&#8221;yes&#8221; css=&#8221;.vc_custom_1449213766351{margin-bottom: 60px !important;background-image: url(https:\/\/kamnolomjagodic.si\/blog\/wp-content\/uploads\/2015\/11\/placeholder.gif) !important;background-position: center !important;background-repeat: no-repeat !important;background-size: cover !important;}&#8221; el_class=&#8221;vc_hidden-lg vc_hidden-md vc_hidden-sm&#8221;][vc_column offset=&#8221;vc_hidden-lg vc_hidden-md vc_hidden-sm&#8221; css=&#8221;.vc_custom_1449213666600{padding-top: 40px !important;padding-bottom: 40px !important;}&#8221;][vc_custom_heading text=&#8221;Unbeatable Trucking Service&#8221; font_container=&#8221;tag:h1|text_align:left|color:%23ffffff&#8221; use_theme_fonts=&#8221;yes&#8221; el_class=&#8221;white_stripe&#8221;][vc_column_text]Starting from loading&#8230;<\/p>\n","protected":false},"author":1,"featured_media":0,"parent":0,"menu_order":0,"comment_status":"closed","ping_status":"open","template":"","meta":[],"_links":{"self":[{"href":"https:\/\/kamnolomjagodic.si\/index.php?rest_route=\/wp\/v2\/pages\/1300"}],"collection":[{"href":"https:\/\/kamnolomjagodic.si\/index.php?rest_route=\/wp\/v2\/pages"}],"about":[{"href":"https:\/\/kamnolomjagodic.si\/index.php?rest_route=\/wp\/v2\/types\/page"}],"author":[{"embeddable":true,"href":"https:\/\/kamnolomjagodic.si\/index.php?rest_route=\/wp\/v2\/users\/1"}],"replies":[{"embeddable":true,"href":"https:\/\/kamnolomjagodic.si\/index.php?rest_route=%2Fwp%2Fv2%2Fcomments&post=1300"}],"version-history":[{"count":11,"href":"https:\/\/kamnolomjagodic.si\/index.php?rest_route=\/wp\/v2\/pages\/1300\/revisions"}],"predecessor-version":[{"id":1386,"href":"https:\/\/kamnolomjagodic.si\/index.php?rest_route=\/wp\/v2\/pages\/1300\/revisions\/1386"}],"wp:attachment":[{"href":"https:\/\/kamnolomjagodic.si\/index.php?rest_route=%2Fwp%2Fv2%2Fmedia&parent=1300"}],"curies":[{"name":"wp","href":"https:\/\/api.w.org\/{rel}","templated":true}]}}