{"id":1323,"date":"2022-11-27T16:27:51","date_gmt":"2022-11-27T16:27:51","guid":{"rendered":"http:\/\/kamnolomjagodic.si\/blog\/?page_id=1323"},"modified":"2023-02-14T15:17:27","modified_gmt":"2023-02-14T14:17:27","slug":"program-razvoja-podezelja","status":"publish","type":"page","link":"https:\/\/kamnolomjagodic.si\/?page_id=1323","title":{"rendered":"Program razvoja pode\u017eelja"},"content":{"rendered":"<p>[vc_row][vc_column][vc_column_text]<\/p>\n<h3><strong>PODUKREP M06.4 PODPORA ZA NALO\u017dBE V VZPOSTAVITEV IN RAZVOJ NEKMETIJSKIH DEJAVNOSTI<\/strong><\/h3>\n<p><strong>Naziv nalo\u017ebe<br \/>\n<\/strong>NAKUP BAGRA Z GOSENICAMI v podjetju Andrej Jagodi\u010d s.p.<\/p>\n<p><strong>Naziv aktivnosti<br \/>\n<\/strong>V okviru nalo\u017eb za tehnolo\u0161ke izbolj\u0161ave so v podjetju \u00a0Andrej Jagodi\u010d s.p. nabavili bager z gosenicami Volvo EC300ENL.<\/p>\n<p><strong>Cilji<br \/>\n<\/strong>S tehnolo\u0161kimi izbolj\u0161avami zni\u017eati stro\u0161ke in izpu\u0161ne emisije.<\/p>\n<p><strong>Pri\u010dakovani rezultati<\/strong><\/p>\n<ul>\n<li>dvig produktivnosti<\/li>\n<li>pove\u010danje stro\u0161kovne u\u010dinkovitosti,<\/li>\n<li>doseganje zmanj\u0161anja emisij<\/li>\n<li>izbolj\u0161anje konkuren\u010dnosti podjetja.<\/li>\n<\/ul>\n<p><strong>Povezave<\/strong><\/p>\n<ul>\n<li><a href=\"https:\/\/ec.europa.eu\/info\/food-farming-fisheries\/key-policies\/common-agricultural-policy\/rural-development_sl\">spletna stran Evropske komisije, namenjena EKSRP<\/a><\/li>\n<li><a href=\"https:\/\/www.vinakoper.si\/skp.si\/\">spletna stran Program razvoja pode\u017eelja<\/a><\/li>\n<\/ul>\n<p>[\/vc_column_text][vc_separator][vc_column_text]<\/p>\n<h3><strong>PODUKREP M06.4 PODPORA ZA NALO\u017dBE V VZPOSTAVITEV IN RAZVOJ NEKMETIJSKIH DEJAVNOSTI<\/strong><\/h3>\n<p><strong>Naziv nalo\u017ebe<br \/>\n<\/strong>NAKUP GRADBENE MEHANIZACIJE in podjetju Andrej Jagodi\u010d s.p.<\/p>\n<p><strong>Naziv aktivnosti<br \/>\n<\/strong>V okviru nalo\u017eb za tehnolo\u0161ke izbolj\u0161ave so v podjetju \u00a0Andrej Jagodi\u010d s.p. nabavili:<\/p>\n<ul>\n<li>Takeuchi TB 290,<\/li>\n<li>\u010distilna naprava MBBR 6 PE Rokotims,<\/li>\n<li>zbiralnik za vodo -betonski 5,4m\u00b3.<\/li>\n<\/ul>\n<p><strong>Cilji<br \/>\n<\/strong>S tehnolo\u0161kimi izbolj\u0161avami zni\u017eati stro\u0161ke in izpu\u0161ne emisije.<\/p>\n<p><strong>Pri\u010dakovani rezultati<\/strong><\/p>\n<ul>\n<li>dvig produktivnosti<\/li>\n<li>pove\u010danje stro\u0161kovne u\u010dinkovitosti,<\/li>\n<li>doseganje zmanj\u0161anja emisij<\/li>\n<li>izbolj\u0161anje konkuren\u010dnosti podjetja.<\/li>\n<\/ul>\n<p><strong>Povezave<\/strong><\/p>\n<ul>\n<li><a href=\"https:\/\/ec.europa.eu\/info\/food-farming-fisheries\/key-policies\/common-agricultural-policy\/rural-development_sl\">spletna stran Evropske komisije, namenjena EKSRP<\/a><\/li>\n<li><a href=\"https:\/\/www.vinakoper.si\/skp.si\/\">spletna stran Program razvoja pode\u017eelja<\/a><\/li>\n<\/ul>\n<p>[\/vc_column_text][\/vc_column][\/vc_row][vc_row][vc_column][vc_empty_space][vc_single_image image=&#8221;1321&#8243; img_size=&#8221;full&#8221; onclick=&#8221;custom_link&#8221; link=&#8221;http:\/\/www.pisrs.si\/Pis.web\/pregledPredpisa?id=PRAV13563&#8243;][\/vc_column][\/vc_row]<\/p>\n","protected":false},"excerpt":{"rendered":"<p>[vc_row][vc_column][vc_column_text] PODUKREP M06.4 PODPORA ZA NALO\u017dBE V VZPOSTAVITEV IN RAZVOJ NEKMETIJSKIH DEJAVNOSTI Naziv nalo\u017ebe NAKUP BAGRA Z GOSENICAMI v podjetju Andrej Jagodi\u010d s.p. Naziv aktivnosti V okviru nalo\u017eb za tehnolo\u0161ke izbolj\u0161ave so v&#8230;<\/p>\n","protected":false},"author":1,"featured_media":0,"parent":0,"menu_order":0,"comment_status":"closed","ping_status":"closed","template":"","meta":[],"_links":{"self":[{"href":"https:\/\/kamnolomjagodic.si\/index.php?rest_route=\/wp\/v2\/pages\/1323"}],"collection":[{"href":"https:\/\/kamnolomjagodic.si\/index.php?rest_route=\/wp\/v2\/pages"}],"about":[{"href":"https:\/\/kamnolomjagodic.si\/index.php?rest_route=\/wp\/v2\/types\/page"}],"author":[{"embeddable":true,"href":"https:\/\/kamnolomjagodic.si\/index.php?rest_route=\/wp\/v2\/users\/1"}],"replies":[{"embeddable":true,"href":"https:\/\/kamnolomjagodic.si\/index.php?rest_route=%2Fwp%2Fv2%2Fcomments&post=1323"}],"version-history":[{"count":12,"href":"https:\/\/kamnolomjagodic.si\/index.php?rest_route=\/wp\/v2\/pages\/1323\/revisions"}],"predecessor-version":[{"id":1395,"href":"https:\/\/kamnolomjagodic.si\/index.php?rest_route=\/wp\/v2\/pages\/1323\/revisions\/1395"}],"wp:attachment":[{"href":"https:\/\/kamnolomjagodic.si\/index.php?rest_route=%2Fwp%2Fv2%2Fmedia&parent=1323"}],"curies":[{"name":"wp","href":"https:\/\/api.w.org\/{rel}","templated":true}]}}